Let l(b) = -b**3 - b - 5. Let q(a) = -a**3 - 8*a**2 - 9*a - 6. Let w be q(-7). Suppose -m = m - w. Let v = m - 4. Determine l(v).
-5
Let h be (-36)/30*5/(-2). Suppose -2*c + 0 + 4 = 0. Suppose 5*s - c*s = h. Let y(w) = 3*w**3 + 2*w**2 - 2*w + 1. Calculate y(s).
4
Let f(t) = t**2 - 9*t - 6. Let a be f(10). Let u = a - 2. Let i(o) = o - o + u*o. Calculate i(2).
4
Let z be 4/22 - (-106)/22. Let c(n) = -n**3 + 5*n**2 + 2*n - 5. What is c(z)?
5
Let y(d) be the second derivative of -d**5/20 + d**3/6 + 3*d**2/2 + 8*d. Determine y(0).
3
Let q(i) = -7*i**2 + 3*i - 2. Let b(f) = -8*f**2 + f**2 - 1 - f**2 + 2*f + 2*f**2. Let h(o) = -5*b(o) + 4*q(o). Let l = -2 + 4. What is h(l)?
9
Let j be 0 - -1 - (-1 + 5). Let x(b) be the first derivative of b**3/2 + 2*b**2 - b + 3. Let t(k) be the first derivative of x(k). Determine t(j).
-5
Let f(i) = -i**2 + 6. Let s = -22 - -15. Let x = -7 - s. Give f(x).
6
Let o(t) = 2*t - 8*t**3 - 2*t + 2 - t**2 - 3 - 2*t. Let n(c) be the third derivative of -c**4/24 + 5*c**3/6 + 3*c**2. Let j be n(6). Determine o(j).
8
Let a(z) = z**2 - 5*z + 2. Let n = -105 - -60. Let v be (-2)/(12/n)*-6. Let i be -10*(-6)/v*-3. Calculate a(i).
-2
Let m(j) be the first derivative of j**4/4 - j**3 - j**2 - 2*j - 1. Suppose 36 = -0*p + 5*p + 4*v, 5*p - 3*v = 8. Determine m(p).
6
Let x(b) be the first derivative of -b**3/3 + b**2/2 + b - 31. Let j be (-1 + 0)*-2 - -1. What is x(j)?
-5
Let m(k) = -4*k**2 - 5*k - 8. Let x(d) = -3*d**2 - 5*d - 8. Let w(t) = 4*m(t) - 5*x(t). Give w(6).
2
Suppose 0 = -6*m + 3*m + 2*t + 25, m - 3*t = 20. Suppose 0 = -2*k + 4*u - 10, -4*k - u = -4*u + m. Let l(y) = 11*y. Determine l(k).
11
Let j(a) = -4*a**2 + 5*a - 6. Let x(m) = -4*m**2 + 4*m - 5. Let t(r) = -4*j(r) + 5*x(r). Give t(-1).
-5
Let v = 7 + -5. Let p = v + -2. Let o be 1 + 2/(-1) + p. Let z(i) = 5*i**2 + 2*i + 1. Determine z(o).
4
Let s(y) be the second derivative of -y**3/6 + 7*y**2/2 + 18*y. What is s(0)?
7
Let h(v) = -v**3 + 3*v**2 + 2*v. Let l = -60 - -63. Give h(l).
6
Let v(z) = -39*z**3 + 16*z**3 + 9*z**3 + 6*z**2 + 15*z**3 - z + 5. Determine v(-6).
11
Suppose 2*l + 0 = 6. Let o(n) be the first derivative of n**2 - 2*n + 3. Calculate o(l).
4
Let h(i) be the third derivative of 0*i + 0 - 1/30*i**5 - 3*i**2 - 1/24*i**4 + 1/3*i**3. Give h(-2).
-4
Let u(b) = -6*b + 20. Let s(o) = 0 + 0 - 2*o + 7. Let q(j) = -14*s(j) + 5*u(j). Let d be (-32)/48 + (-11)/(-3). Give q(d).
-4
Suppose -3*c = -4 - 8. Let d(g) = -g**3 + 3*g**2 + 5. Determine d(c).
-11
Let h be (-6)/(-8)*2*2. Let a = 0 - -4. Let g(n) = 0 - h + 2*n - a*n. Give g(-4).
5
Let g(o) be the third derivative of -1/6*o**3 + 0*o**4 + 0 + 0*o - 4*o**2 + 1/30*o**5. Determine g(1).
1
Suppose -5 = -3*g - 2*f, -4*g - 15 = -g - 3*f. Let v(t) = -3*t. Give v(g).
3
Let x(w) be the second derivative of w**7/840 - w**6/45 - w**4/8 - w**3/2 - 3*w. Let z(s) be the second derivative of x(s). Determine z(8).
-3
Suppose -2*g + 6*g + 16 = 0. Let o(f) = 3. Let k(v) = v - 5. Let b(j) = -2*k(j) - 5*o(j). What is b(g)?
3
Let c(x) = -2*x - 5. Let y(n) = -2*n - 6. Let s(h) = 3*c(h) - 2*y(h). Let k(r) = r + 3. Let o(d) = 3*k(d) + 2*s(d). Suppose 0 = t + 2*t - 12. What is o(t)?
-1
Let m = -6/19 + 37/57. Let d(p) be the first derivative of p + 7/2*p**2 - 4 - m*p**3. What is d(7)?
1
Let r(l) = l**3 - 3*l**2 - 7*l. Let b(u) = -u**3 + 4*u**2 + 12*u + 5. Let x be b(6). Calculate r(x).
15
Let w(q) = 2*q**3 - 2 - 5 + 5*q**2 + 2*q**3 + 4. Let p(g) = -5*g**3 - 5*g**2 - g + 2. Let f(j) = -3*p(j) - 4*w(j). Calculate f(-5).
-9
Let s(t) be the third derivative of -t**6/120 - 7*t**5/60 - 5*t**4/24 + t**3/6 - 5*t**2 - 3*t. What is s(-6)?
-5
Suppose -5*l + 17 = 2*x, 3*x - 19 = 4*x - 3*l. Let m(k) = k**2 + 6*k + 2. Determine m(x).
-6
Suppose -q + 15 = -4*q + 4*k, 4*q + 4*k = 8. Let m(i) = -7*i - 2. Let c(l) = -l + 1. Let w(h) = q*c(h) - m(h). What is w(-1)?
-7
Suppose -4*u = -4*m + 16, 0 = 4*u + 3*m + 3 + 6. Let t(g) = -g + 4. Calculate t(u).
7
Suppose -n + 4 = -0. Let j(c) = -5*c**2 + 2*c**2 + 2 - 5*c + 4*c**2. What is j(n)?
-2
Let g(u) = -9*u**3 - 8*u**2 + 3*u + 8. Let t(y) be the first derivative of -3*y**4/4 - y**3 + y**2/2 + 3*y - 3. Let k(m) = 3*g(m) - 8*t(m). Determine k(1).
-2
Let d(k) = k**3 - 5*k**2 - 6*k - 3. Let u be d(6). Let y = u + -2. Let h(l) = -l**2 - 7*l - 7. Calculate h(y).
3
Let w(t) = t**2 + 8*t - 7. Let o(l) = -l + 1. Let n = -16 - -10. Let s(y) = n*o(y) - w(y). Suppose -5*g = 2*u + 7, -3*u = -0*g - 2*g - 18. What is s(g)?
-2
Let b(k) = -k**3 + k**2 + 2. Suppose -2*r + 2*q + 8 = 0, 5*r - 2*q - 15 = 2*q. Let a = r + 3. Give b(a).
-2
Let z(g) = 10*g - 1. Suppose -5*y = -v + 4*v - 8, -6 = -4*y - 2*v. What is z(y)?
9
Let k(p) = p**3 - 9*p**2 + 5*p + 4. Let d be k(8). Let u be (d/6)/((-1)/(-3)). Let m = u - -7. Let a(z) = z**2 + 2*z + 3. Calculate a(m).
6
Let m(p) = -p**3 - 4*p**2 + 5*p + 5. Let n be (-10)/(-3)*12/8. Let l = n + -6. Let h be 5/(-1)*(-1)/l. Give m(h).
5
Let p(z) = -2*z**3 + 2*z**2 + 4*z - 2. Let a(q) = -q**3 - q**2 - q + 1. Let b(d) = 3*a(d) + p(d). What is b(-1)?
4
Let k = 1 + -6. Let r be (-15)/(-6)*4/k. Let d = 0 + r. Let i(m) = 4*m + 3. Give i(d).
-5
Let a(v) = -v**2 + 6*v + 9. Let d be a(7). Let l(m) = -m**3 + m**2 - m. What is l(d)?
-6
Let l = -1 + 2. Let q(y) = 34*y**3 + 6*y**2 + 22*y. Let s(f) = -7*f**3 - f**2 - 4*f. Let o(p) = -2*q(p) - 11*s(p). What is o(l)?
8
Let h(x) = -x**2 + 2. Suppose 12 + 36 = -16*l. Calculate h(l).
-7
Let i(j) = j**3 - 5*j**2 - j + 5. Let s be i(5). Suppose s = -d - d - 8. Let l(b) be the second derivative of b**3/6 - 2*b**2 + b. What is l(d)?
-8
Let m = 0 - -5. Let l(t) = -3 + 0*t - m*t - 5*t**2 + 2*t + 6*t**2. What is l(3)?
-3
Let h(b) = -b**3 + 4*b**2 - 3*b + 4. Let r(g) = -g**3 + 3*g**2 - 4*g + 3. Let z(t) = 3*h(t) - 2*r(t). Give z(5).
26
Let q(i) = i - 1. Let t be q(4). Suppose -7 = -t*n + 5. Let b(w) = w**3 - 4*w**2 - 2*w + 6. Give b(n).
-2
Let d(j) = 8*j - 5. Let l(c) = c - 1. Let f(x) = -d(x) + 4*l(x). What is f(-1)?
5
Let r = 6 + -2. Suppose -r*t = 4*u, 3*u - 6*t - 18 = -3*t. Let i(b) = -b**3 + 5*b**2 - 4*b + 1. Calculate i(u).
7
Let j(b) = 3*b - 3. Let c = -58 - -62. Calculate j(c).
9
Let o(n) = 7*n**2 + 1. Suppose 3*r - 7*r = 12. Let m be (2/(-3))/(2/r). Give o(m).
8
Let h(p) = p + 1. Let g(b) = 2*b + 1. Let f(n) = -2*g(n) + 6*h(n). Let u be f(-3). Let s(i) = -2*i - 3. What is s(u)?
1
Let c(y) = -y**2 + 2*y - 1. Let r be 0/(2/2) - 27/(-9). Determine c(r).
-4
Let k(l) be the first derivative of -l**2/2 - 8*l + 19. Determine k(-6).
-2
Let a(z) be the second derivative of -z**4/12 + z**3 - 3*z**2 + 6*z. Suppose -20 = -5*j - 0*j. Determine a(j).
2
Suppose 15 = q - 3*j, -j - 5 - 28 = -5*q. Let r = q + -10. Let p(a) = -a**3 - 4*a**2 + a - 1. Calculate p(r).
-5
Let w(p) be the first derivative of -7*p**3/3 + 5. Calculate w(-1).
-7
Let k(u) = 18 + 3*u + 0*u - 16. Calculate k(-3).
-7
Let h(o) = -5*o - 2. Let i(l) = 3*l + 1. Let m(d) = -5*h(d) - 8*i(d). Give m(-8).
-6
Let s(x) = 2*x**3 - 3*x**2 + 3*x. Let t = 1 + -5. Let n be 1/(0 + t/(-8)). Give s(n).
10
Let w(v) = v**2 + 13*v + 8. Let d be w(-12). Let f be 14/(-4) + 3/6. Let o = d - f. Let l(k) = k + 1. Determine l(o).
0
Let s be (-7)/(-35)*(-1 + 6). Let f(q) = -q**3 - q**2 + q. Let c(o) = 4*o**3 + 12*o**2 - 11*o - 4. Let m(r) = s*c(r) + 5*f(r). Determine m(6).
-4
Let j(k) = 3*k + 23. Let y be j(-10). Let m(g) = g**3 + 8*g**2 + 5*g - 9. What is m(y)?
5
Suppose -5*z + 112 = -z. Let x be 2/8 - 119/z. Let c(v) = -v**3 - 4*v**2 + 2*v + 3. Calculate c(x).
-5
Suppose 5*n = 2*n + 15. Let w(a) = 0*a**3 - 2*a**2 - n*a - 2 + 0*a**3 + 8*a**2 - a**3. What is w(5)?
-2
Let q = -8 - -10. Let g(u) = -u**2 + u + 1. Let r be g(q). Let m(f) = 3*f**2 - 2*f - 1. Determine m(r).
4
Let b(v) = -v - 10. Let y(a) = 5*a**2 - 4*a**3 + 3*a**3 + 5*a**2. Let j be y(10). What is b(j)?
-10
Suppose -4*d - 7 + 3 = 0. Let m(g) = -3*g**3 - g**2 - 2*g - 1. Calculate m(d).
3
Let i be (-64)/(-28) + (-4)/14. Let t(n) = 2*n**2 - n**i - 2 + 0. Let u = -8 - -5. What is t(u)?
7
Let w = -8 - -11. Let o(k) be the third derivative of w*k**2 + 0 + 1/24*k**4 + 0*k - 1/3*k**3. Calculate o(5).
3
Let k(w) be the third derivative of w**5/60 + 3*w**4/8 + w**3/2 + 7*w**2. Let q be k(-8). Let l(c) = -c + 1. Give l(q).
6
Let x(z) = 0*z - 2 - 3*z + 4 - 3*z**3 + 4*z**3. Calculate x(2